{"id":73266,"date":"2022-07-07T17:44:15","date_gmt":"2022-07-07T15:44:15","guid":{"rendered":"https:\/\/www.mad-shop.ch\/?page_id=73266"},"modified":"2025-03-11T20:44:00","modified_gmt":"2025-03-11T19:44:00","slug":"bon-valeur","status":"publish","type":"page","link":"https:\/\/www.mad-shop.ch\/?page_id=73266","title":{"rendered":"BONS MAD"},"content":{"rendered":"\t\t<div data-elementor-type=\"wp-page\" data-elementor-id=\"73266\" class=\"elementor elementor-73266\" data-elementor-settings=\"[]\">\n\t\t\t\t\t\t\t<div class=\"elementor-section-wrap\">\n\t\t\t\t\t\t\t<section class=\"elementor-section elementor-top-section elementor-element elementor-element-4ceb9e1 elementor-section-boxed elementor-section-height-default elementor-section-height-default\" data-id=\"4ceb9e1\" data-element_type=\"section\">\n\t\t\t\t\t\t<div class=\"elementor-container elementor-column-gap-default\">\n\t\t\t\t\t<div class=\"elementor-column elementor-col-100 elementor-top-column elementor-element elementor-element-5d0bd86\" data-id=\"5d0bd86\" data-element_type=\"column\">\n\t\t\t<div class=\"elementor-widget-wrap elementor-element-populated\">\n\t\t\t\t\t\t\t\t<div class=\"elementor-element elementor-element-2c35721 elementor-widget elementor-widget-text-editor\" data-id=\"2c35721\" data-element_type=\"widget\" data-widget_type=\"text-editor.default\">\n\t\t\t\t<div class=\"elementor-widget-container\">\n\t\t\t\t\t\t\t<p>Tu n\u2019as jamais de cash sur toi en soir\u00e9e? Tu cherches \u00e0 offrir un cadeau plus fun qu\u2019un bon Migros \u00e0 ta copine? C\u2019est bient\u00f4t ton BDAY et tu ne sais pas quoi demander \u00e0 Mamie Josette? Le bon valeur du MAD, d\u2019un montant de 100 ou de 250 francs valable une ann\u00e9e, est fait pour toi ! Et bien-s\u00fbr tu n\u2019es pas oblig\u00e9 de le d\u00e9penser en une seule soir\u00e9e ! Mais attention \u00e0 ne pas l\u2019\u00e9garer: il sera perdu \u00e0 jamais. Be MAD !<\/p>\t\t\t\t\t\t<\/div>\n\t\t\t\t<\/div>\n\t\t\t\t\t<\/div>\n\t\t<\/div>\n\t\t\t\t\t\t\t<\/div>\n\t\t<\/section>\n\t\t\t\t<section class=\"elementor-section elementor-top-section elementor-element elementor-element-e156147 elementor-section-boxed elementor-section-height-default elementor-section-height-default\" data-id=\"e156147\" data-element_type=\"section\">\n\t\t\t\t\t\t<div class=\"elementor-container elementor-column-gap-default\">\n\t\t\t\t\t<div class=\"elementor-column elementor-col-50 elementor-top-column elementor-element elementor-element-724369e\" data-id=\"724369e\" data-element_type=\"column\">\n\t\t\t<div class=\"elementor-widget-wrap elementor-element-populated\">\n\t\t\t\t\t\t\t\t<div class=\"elementor-element elementor-element-0f4515b elementor-widget elementor-widget-image\" data-id=\"0f4515b\" data-element_type=\"widget\" data-widget_type=\"image.default\">\n\t\t\t\t<div class=\"elementor-widget-container\">\n\t\t\t\t\t\t\t\t\t\t\t\t\t\t\t<img src=\"https:\/\/www.mad-shop.ch\/wp-content\/uploads\/elementor\/thumbs\/Bon-Mad-Club-1002-qq6mq3qby6xna59om8qs88yxg2uvmwpmse4wpx1a56.jpg\" title=\"Bon-Mad-Club-1002\" alt=\"Bon-Mad-Club-1002\" \/>\t\t\t\t\t\t\t\t\t\t\t\t\t\t\t<\/div>\n\t\t\t\t<\/div>\n\t\t\t\t<div class=\"elementor-element elementor-element-497207b elementor-widget elementor-widget-heading\" data-id=\"497207b\" data-element_type=\"widget\" data-widget_type=\"heading.default\">\n\t\t\t\t<div class=\"elementor-widget-container\">\n\t\t\t<h2 class=\"elementor-heading-title elementor-size-large\">Bon valeur 100.-<\/h2>\t\t<\/div>\n\t\t\t\t<\/div>\n\t\t\t\t<div class=\"elementor-element elementor-element-c19efd9 elementor-widget elementor-widget-html\" data-id=\"c19efd9\" data-element_type=\"widget\" data-widget_type=\"html.default\">\n\t\t\t\t<div class=\"elementor-widget-container\">\n\t\t\t<form class=\"cart\" style=\"display: flex; align-items: center; justify-content: center;\" action=\"https:\/\/www.mad-shop.ch\/?product=bon-valeur-chf-100\" method=\"post\" enctype='multipart\/form-data'>\n\t\t\n\t\t\t<div class=\"quantity hidden\">\n\t\t<input type=\"hidden\" id=\"quantity_62c48b2c327f4\" class=\"qty\" name=\"quantity\" value=\"1\" \/>\n\t<\/div>\n\t\n\t\t<button type=\"submit\" name=\"add-to-cart\" value=\"33308\" class=\"single_add_to_cart_button button alt\" style=\"font-size: 16px; font-weight: 600; width: 50%; background: #000; border: none;\"><i class=\"fas fa-shopping-cart\"><\/i> Ajouter au panier<\/button>\n\n\t\t\t<\/form>\t\t<\/div>\n\t\t\t\t<\/div>\n\t\t\t\t\t<\/div>\n\t\t<\/div>\n\t\t\t\t<div class=\"elementor-column elementor-col-50 elementor-top-column elementor-element elementor-element-e3fbe0e\" data-id=\"e3fbe0e\" data-element_type=\"column\">\n\t\t\t<div class=\"elementor-widget-wrap elementor-element-populated\">\n\t\t\t\t\t\t\t\t<div class=\"elementor-element elementor-element-50ad792 elementor-widget elementor-widget-image\" data-id=\"50ad792\" data-element_type=\"widget\" data-widget_type=\"image.default\">\n\t\t\t\t<div class=\"elementor-widget-container\">\n\t\t\t\t\t\t\t\t\t\t\t\t\t\t\t<img src=\"https:\/\/www.mad-shop.ch\/wp-content\/uploads\/elementor\/thumbs\/Bon-Mad-Club-2502-qq6mq3qby6xna59om8qs88yxg2uvmwpmse4wpx1a56.jpg\" title=\"Bon-Mad-Club-2502\" alt=\"Bon-Mad-Club-2502\" \/>\t\t\t\t\t\t\t\t\t\t\t\t\t\t\t<\/div>\n\t\t\t\t<\/div>\n\t\t\t\t<div class=\"elementor-element elementor-element-31fa223 elementor-widget elementor-widget-heading\" data-id=\"31fa223\" data-element_type=\"widget\" data-widget_type=\"heading.default\">\n\t\t\t\t<div class=\"elementor-widget-container\">\n\t\t\t<h2 class=\"elementor-heading-title elementor-size-large\">Bon valeur 250.-<\/h2>\t\t<\/div>\n\t\t\t\t<\/div>\n\t\t\t\t<div class=\"elementor-element elementor-element-4426a69 elementor-widget elementor-widget-html\" data-id=\"4426a69\" data-element_type=\"widget\" data-widget_type=\"html.default\">\n\t\t\t\t<div class=\"elementor-widget-container\">\n\t\t\t<form class=\"cart\" style=\"display: flex; align-items: center; justify-content: center;\" action=\"https:\/\/www.mad-shop.ch\/?product=bon-valeur-chf-250\" method=\"post\" enctype='multipart\/form-data'>\n\t\t\n\t\t\t<div class=\"quantity hidden\">\n\t\t<input type=\"hidden\" id=\"quantity_62c48b566b292\" class=\"qty\" name=\"quantity\" value=\"1\" \/>\n\t<\/div>\n\t\n\t\t<button type=\"submit\" name=\"add-to-cart\" value=\"33317\" class=\"single_add_to_cart_button button alt\" style=\"font-size: 16px; font-weight: 600; width: 50%; background: #000; border: none;\"><i class=\"fas fa-shopping-cart\"><\/i> Ajouter au panier<\/button>\n\n\t\t\t<\/form>\t\t<\/div>\n\t\t\t\t<\/div>\n\t\t\t\t\t<\/div>\n\t\t<\/div>\n\t\t\t\t\t\t\t<\/div>\n\t\t<\/section>\n\t\t\t\t<section class=\"elementor-section elementor-top-section elementor-element elementor-element-78628b7 elementor-section-boxed elementor-section-height-default elementor-section-height-default\" data-id=\"78628b7\" data-element_type=\"section\">\n\t\t\t\t\t\t<div class=\"elementor-container elementor-column-gap-default\">\n\t\t\t\t\t<div class=\"elementor-column elementor-col-100 elementor-top-column elementor-element elementor-element-b3fce09\" data-id=\"b3fce09\" data-element_type=\"column\">\n\t\t\t<div class=\"elementor-widget-wrap elementor-element-populated\">\n\t\t\t\t\t\t\t\t<div class=\"elementor-element elementor-element-afe5399 elementor-widget elementor-widget-spacer\" data-id=\"afe5399\" data-element_type=\"widget\" data-widget_type=\"spacer.default\">\n\t\t\t\t<div class=\"elementor-widget-container\">\n\t\t\t\t\t<div class=\"elementor-spacer\">\n\t\t\t<div class=\"elementor-spacer-inner\"><\/div>\n\t\t<\/div>\n\t\t\t\t<\/div>\n\t\t\t\t<\/div>\n\t\t\t\t<div class=\"elementor-element elementor-element-ac1a051 elementor-widget elementor-widget-image\" data-id=\"ac1a051\" data-element_type=\"widget\" data-widget_type=\"image.default\">\n\t\t\t\t<div class=\"elementor-widget-container\">\n\t\t\t\t\t\t\t\t\t\t\t\t\t\t\t<img src=\"https:\/\/www.mad-shop.ch\/wp-content\/uploads\/elementor\/thumbs\/logos-valeurs-24-qvn0sdoms9imcia2d8hg0wtnciprpmqrz06l5s9p14.png\" title=\"logos-valeurs-24\" alt=\"logos-valeurs-24\" \/>\t\t\t\t\t\t\t\t\t\t\t\t\t\t\t<\/div>\n\t\t\t\t<\/div>\n\t\t\t\t<div class=\"elementor-element elementor-element-16f70fe elementor-widget elementor-widget-text-editor\" data-id=\"16f70fe\" data-element_type=\"widget\" data-widget_type=\"text-editor.default\">\n\t\t\t\t<div class=\"elementor-widget-container\">\n\t\t\t\t\t\t\tA utiliser de suite dans nos \u00e9tablissements.<br>\nA pr\u00e9senter lors de votre commande.<br>\nBon valable 1 ann\u00e9e \u00e0 partir de la date d&#8217;achat.<br>\n<div style=\"color: red; font-weight: 600\">ATTENTION : 1 BON PAR COMMANDE<\/div>\t\t\t\t\t\t<\/div>\n\t\t\t\t<\/div>\n\t\t\t\t<div class=\"elementor-element elementor-element-149db3b elementor-widget elementor-widget-spacer\" data-id=\"149db3b\" data-element_type=\"widget\" data-widget_type=\"spacer.default\">\n\t\t\t\t<div class=\"elementor-widget-container\">\n\t\t\t\t\t<div class=\"elementor-spacer\">\n\t\t\t<div class=\"elementor-spacer-inner\"><\/div>\n\t\t<\/div>\n\t\t\t\t<\/div>\n\t\t\t\t<\/div>\n\t\t\t\t\t<\/div>\n\t\t<\/div>\n\t\t\t\t\t\t\t<\/div>\n\t\t<\/section>\n\t\t\t\t\t\t<\/div>\n\t\t\t\t\t<\/div>\n\t\t","protected":false},"excerpt":{"rendered":"<p>Tu n\u2019as jamais de cash sur toi en soir\u00e9e? Tu cherches \u00e0 offrir un cadeau plus fun qu\u2019un bon Migros \u00e0 ta copine? C\u2019est bient\u00f4t ton BDAY et tu ne &#8230;<\/p>\n","protected":false},"author":1,"featured_media":0,"parent":0,"menu_order":0,"comment_status":"closed","ping_status":"closed","template":"","meta":{"_links_to":"","_links_to_target":""},"_links":{"self":[{"href":"https:\/\/www.mad-shop.ch\/index.php?rest_route=\/wp\/v2\/pages\/73266"}],"collection":[{"href":"https:\/\/www.mad-shop.ch\/index.php?rest_route=\/wp\/v2\/pages"}],"about":[{"href":"https:\/\/www.mad-shop.ch\/index.php?rest_route=\/wp\/v2\/types\/page"}],"author":[{"embeddable":true,"href":"https:\/\/www.mad-shop.ch\/index.php?rest_route=\/wp\/v2\/users\/1"}],"replies":[{"embeddable":true,"href":"https:\/\/www.mad-shop.ch\/index.php?rest_route=%2Fwp%2Fv2%2Fcomments&post=73266"}],"version-history":[{"count":66,"href":"https:\/\/www.mad-shop.ch\/index.php?rest_route=\/wp\/v2\/pages\/73266\/revisions"}],"predecessor-version":[{"id":212547,"href":"https:\/\/www.mad-shop.ch\/index.php?rest_route=\/wp\/v2\/pages\/73266\/revisions\/212547"}],"wp:attachment":[{"href":"https:\/\/www.mad-shop.ch\/index.php?rest_route=%2Fwp%2Fv2%2Fmedia&parent=73266"}],"curies":[{"name":"wp","href":"https:\/\/api.w.org\/{rel}","templated":true}]}}