{"id":346050,"date":"2026-02-11T21:21:59","date_gmt":"2026-02-11T20:21:59","guid":{"rendered":"https:\/\/www.mad-shop.ch\/?page_id=346050"},"modified":"2026-02-18T19:19:39","modified_gmt":"2026-02-18T18:19:39","slug":"madboat","status":"publish","type":"page","link":"https:\/\/www.mad-shop.ch\/?page_id=346050","title":{"rendered":"MADBOAT"},"content":{"rendered":"\t\t<div data-elementor-type=\"wp-page\" data-elementor-id=\"346050\" class=\"elementor elementor-346050\" data-elementor-settings=\"[]\">\n\t\t\t\t\t\t\t<div class=\"elementor-section-wrap\">\n\t\t\t\t\t\t\t<section class=\"elementor-section elementor-top-section elementor-element elementor-element-7b6913f elementor-section-full_width elementor-section-stretched elementor-hidden-tablet elementor-hidden-mobile elementor-section-height-default elementor-section-height-default\" data-id=\"7b6913f\" data-element_type=\"section\" data-settings=\"{&quot;stretch_section&quot;:&quot;section-stretched&quot;}\">\n\t\t\t\t\t\t<div class=\"elementor-container elementor-column-gap-no\">\n\t\t\t\t\t<div class=\"elementor-column elementor-col-100 elementor-top-column elementor-element elementor-element-06f81ea\" data-id=\"06f81ea\" data-element_type=\"column\">\n\t\t\t<div class=\"elementor-widget-wrap elementor-element-populated\">\n\t\t\t\t\t\t\t\t<div class=\"elementor-element elementor-element-9a7fb19 elementor-widget elementor-widget-image\" data-id=\"9a7fb19\" data-element_type=\"widget\" data-widget_type=\"image.default\">\n\t\t\t\t<div class=\"elementor-widget-container\">\n\t\t\t\t\t\t\t\t\t\t\t\t\t\t\t<img width=\"2560\" height=\"366\" src=\"https:\/\/www.mad-shop.ch\/wp-content\/uploads\/2026\/02\/banner-shop-madboat-2.jpg\" class=\"attachment-full size-full\" alt=\"\" loading=\"lazy\" srcset=\"https:\/\/www.mad-shop.ch\/wp-content\/uploads\/2026\/02\/banner-shop-madboat-2.jpg 2560w, https:\/\/www.mad-shop.ch\/wp-content\/uploads\/2026\/02\/banner-shop-madboat-2-750x107.jpg 750w, https:\/\/www.mad-shop.ch\/wp-content\/uploads\/2026\/02\/banner-shop-madboat-2-1180x169.jpg 1180w, https:\/\/www.mad-shop.ch\/wp-content\/uploads\/2026\/02\/banner-shop-madboat-2-120x17.jpg 120w, https:\/\/www.mad-shop.ch\/wp-content\/uploads\/2026\/02\/banner-shop-madboat-2-768x110.jpg 768w, https:\/\/www.mad-shop.ch\/wp-content\/uploads\/2026\/02\/banner-shop-madboat-2-1536x220.jpg 1536w, https:\/\/www.mad-shop.ch\/wp-content\/uploads\/2026\/02\/banner-shop-madboat-2-2048x293.jpg 2048w, https:\/\/www.mad-shop.ch\/wp-content\/uploads\/2026\/02\/banner-shop-madboat-2-480x69.jpg 480w, https:\/\/www.mad-shop.ch\/wp-content\/uploads\/2026\/02\/banner-shop-madboat-2-510x73.jpg 510w\" sizes=\"(max-width: 2560px) 100vw, 2560px\" \/>\t\t\t\t\t\t\t\t\t\t\t\t\t\t\t<\/div>\n\t\t\t\t<\/div>\n\t\t\t\t\t<\/div>\n\t\t<\/div>\n\t\t\t\t\t\t\t<\/div>\n\t\t<\/section>\n\t\t\t\t<section class=\"elementor-section elementor-top-section elementor-element elementor-element-b71d359 elementor-section-full_width elementor-section-stretched elementor-hidden-desktop elementor-section-height-default elementor-section-height-default\" data-id=\"b71d359\" data-element_type=\"section\" data-settings=\"{&quot;stretch_section&quot;:&quot;section-stretched&quot;}\">\n\t\t\t\t\t\t<div class=\"elementor-container elementor-column-gap-no\">\n\t\t\t\t\t<div class=\"elementor-column elementor-col-100 elementor-top-column elementor-element elementor-element-4d13f93\" data-id=\"4d13f93\" data-element_type=\"column\">\n\t\t\t<div class=\"elementor-widget-wrap elementor-element-populated\">\n\t\t\t\t\t\t\t\t<div class=\"elementor-element elementor-element-6638c53 elementor-widget elementor-widget-image\" data-id=\"6638c53\" data-element_type=\"widget\" data-widget_type=\"image.default\">\n\t\t\t\t<div class=\"elementor-widget-container\">\n\t\t\t\t\t\t\t\t\t\t\t\t\t\t\t<img width=\"1600\" height=\"1067\" src=\"https:\/\/www.mad-shop.ch\/wp-content\/uploads\/2026\/02\/banner-shop-madboat-mobile-2.jpg\" class=\"attachment-full size-full\" alt=\"\" loading=\"lazy\" srcset=\"https:\/\/www.mad-shop.ch\/wp-content\/uploads\/2026\/02\/banner-shop-madboat-mobile-2.jpg 1600w, https:\/\/www.mad-shop.ch\/wp-content\/uploads\/2026\/02\/banner-shop-madboat-mobile-2-750x500.jpg 750w, https:\/\/www.mad-shop.ch\/wp-content\/uploads\/2026\/02\/banner-shop-madboat-mobile-2-1180x787.jpg 1180w, https:\/\/www.mad-shop.ch\/wp-content\/uploads\/2026\/02\/banner-shop-madboat-mobile-2-120x80.jpg 120w, https:\/\/www.mad-shop.ch\/wp-content\/uploads\/2026\/02\/banner-shop-madboat-mobile-2-768x512.jpg 768w, https:\/\/www.mad-shop.ch\/wp-content\/uploads\/2026\/02\/banner-shop-madboat-mobile-2-1536x1024.jpg 1536w, https:\/\/www.mad-shop.ch\/wp-content\/uploads\/2026\/02\/banner-shop-madboat-mobile-2-480x320.jpg 480w, https:\/\/www.mad-shop.ch\/wp-content\/uploads\/2026\/02\/banner-shop-madboat-mobile-2-510x340.jpg 510w\" sizes=\"(max-width: 1600px) 100vw, 1600px\" \/>\t\t\t\t\t\t\t\t\t\t\t\t\t\t\t<\/div>\n\t\t\t\t<\/div>\n\t\t\t\t\t<\/div>\n\t\t<\/div>\n\t\t\t\t\t\t\t<\/div>\n\t\t<\/section>\n\t\t\t\t<section class=\"elementor-section elementor-top-section elementor-element elementor-element-3474c699 elementor-section-boxed elementor-section-height-default elementor-section-height-default\" data-id=\"3474c699\" data-element_type=\"section\">\n\t\t\t\t\t\t<div class=\"elementor-container elementor-column-gap-default\">\n\t\t\t\t\t<div class=\"elementor-column elementor-col-100 elementor-top-column elementor-element elementor-element-35fad089\" data-id=\"35fad089\" data-element_type=\"column\">\n\t\t\t<div class=\"elementor-widget-wrap elementor-element-populated\">\n\t\t\t\t\t\t\t\t<div class=\"elementor-element elementor-element-09d8697 elementor-widget elementor-widget-spacer\" data-id=\"09d8697\" data-element_type=\"widget\" data-widget_type=\"spacer.default\">\n\t\t\t\t<div class=\"elementor-widget-container\">\n\t\t\t\t\t<div class=\"elementor-spacer\">\n\t\t\t<div class=\"elementor-spacer-inner\"><\/div>\n\t\t<\/div>\n\t\t\t\t<\/div>\n\t\t\t\t<\/div>\n\t\t\t\t<div class=\"elementor-element elementor-element-0e14f5d elementor-widget elementor-widget-text-editor\" data-id=\"0e14f5d\" data-element_type=\"widget\" data-widget_type=\"text-editor.default\">\n\t\t\t\t<div class=\"elementor-widget-container\">\n\t\t\t\t\t\t\t<p>\ud83d\udedf <b>THE #MADBOAT IS BACK !\u00a0<\/b><\/p><p><b>IMMANQUABLE\u2026 Un seul MADBOAT en 2026. <\/b>Oh\u00e9 du bateau ! Apr\u00e8s une ann\u00e9e OFF, MADBOAT est de retour sur le L\u00e9man en 2026. Mais attention moussaillons : il n\u2019y en aura qu\u2019un seul !\u00a0<\/p><p>\ud83d\udef3\ufe0f SAVE THE DATE : l\u2019unique Original MADBOAT aura lieu le samedi 11 juillet. On serait vous, on n\u2019attendrait pas trop longtemps pour se lancer \u00e0 l\u2019abordage des 1000 billets (et pas un de plus). Plus d\u2019infos tout bient\u00f4t.<\/p>\t\t\t\t\t\t<\/div>\n\t\t\t\t<\/div>\n\t\t\t\t\t<\/div>\n\t\t<\/div>\n\t\t\t\t\t\t\t<\/div>\n\t\t<\/section>\n\t\t\t\t<section class=\"elementor-section elementor-top-section elementor-element elementor-element-238907a elementor-section-boxed elementor-section-height-default elementor-section-height-default\" data-id=\"238907a\" data-element_type=\"section\">\n\t\t\t\t\t\t<div class=\"elementor-container elementor-column-gap-default\">\n\t\t\t\t\t<div class=\"elementor-column elementor-col-50 elementor-top-column elementor-element elementor-element-d790311\" data-id=\"d790311\" data-element_type=\"column\">\n\t\t\t<div class=\"elementor-widget-wrap elementor-element-populated\">\n\t\t\t\t\t\t\t\t<div class=\"elementor-element elementor-element-a65b97d elementor-widget elementor-widget-heading\" data-id=\"a65b97d\" data-element_type=\"widget\" data-widget_type=\"heading.default\">\n\t\t\t\t<div class=\"elementor-widget-container\">\n\t\t\t<h4 class=\"elementor-heading-title elementor-size-default\">Membres MAD<\/h4>\t\t<\/div>\n\t\t\t\t<\/div>\n\t\t\t\t<div class=\"elementor-element elementor-element-234a4b1 elementor-widget elementor-widget-shortcode\" data-id=\"234a4b1\" data-element_type=\"widget\" data-widget_type=\"shortcode.default\">\n\t\t\t\t<div class=\"elementor-widget-container\">\n\t\t\t\t\t<div class=\"elementor-shortcode\"><div class=\"woocommerce \">\n<div class=\"grid-shop grid-merge clearfix grid-tiles\"><div class=\"tile col-xs-12 col-md-4 post-346043 product type-product status-publish has-post-thumbnail product_cat-madboat-membres product_tag-not-visible  instock downloadable virtual sold-individually purchasable product-type-simple\">\r\n\r\n    <div class=\"tile-block clearfix\">\r\n    \r\n        <a href=\"https:\/\/www.mad-shop.ch\/?product=ticket-madboat-membres-samedi-11-juillet-2026\" class=\"woocommerce-LoopProduct-link woocommerce-loop-product__link\">        \r\n        <div class=\"product-image-container\">\r\n            <div class=\"product-image overlay\">\r\n                <a href=\"https:\/\/www.mad-shop.ch\/?product=ticket-madboat-membres-samedi-11-juillet-2026\" title=\"Ticket: MADBOAT (membres), Samedi 11 juillet 2026\">\r\n    \r\n                    <img width=\"400\" height=\"400\" src=\"https:\/\/www.mad-shop.ch\/wp-content\/uploads\/2026\/02\/banner-madboat-membres-2-400x400.jpg\" class=\"attachment-woocommerce_thumbnail size-woocommerce_thumbnail\" alt=\"\" loading=\"lazy\" srcset=\"https:\/\/www.mad-shop.ch\/wp-content\/uploads\/2026\/02\/banner-madboat-membres-2-400x400.jpg 400w, https:\/\/www.mad-shop.ch\/wp-content\/uploads\/2026\/02\/banner-madboat-membres-2-480x480.jpg 480w, https:\/\/www.mad-shop.ch\/wp-content\/uploads\/2026\/02\/banner-madboat-membres-2-750x750.jpg 750w, https:\/\/www.mad-shop.ch\/wp-content\/uploads\/2026\/02\/banner-madboat-membres-2-100x100.jpg 100w\" sizes=\"(max-width: 400px) 100vw, 400px\" \/>                    \r\n                    <span class=\"overlay-block\">\r\n                        <span class=\"overlay-icon\"><\/span>\r\n                    <\/span>\r\n                \r\n                <\/a>\r\n            <\/div>\r\n        <\/div>\r\n        \r\n        \r\n        <div class=\"product-body inner clearfix\">\r\n                                <h2><a class=\"underline\" href=\"https:\/\/www.mad-shop.ch\/?product=ticket-madboat-membres-samedi-11-juillet-2026\" title=\"Ticket: MADBOAT (membres), Samedi 11 juillet 2026\">Ticket: MADBOAT (membres), Samedi 11 juillet 2026<\/a><\/h2>\r\n                         \r\n            <div class=\"product-content clearfix\">\r\n            \r\n                \n\n\t<span class=\"price\"><span class=\"woocommerce-Price-amount amount\"><bdi><span class=\"woocommerce-Price-currencySymbol\">&#67;&#72;&#70;<\/span>69.00<\/bdi><\/span><\/span>\n                \r\n                <\/a>            \r\n            <\/div>\r\n    \r\n        <\/div>\r\n    \r\n    <\/div>\r\n\r\n<\/div>\n<\/div><\/div><\/div>\n\t\t\t\t<\/div>\n\t\t\t\t<\/div>\n\t\t\t\t\t<\/div>\n\t\t<\/div>\n\t\t\t\t<div class=\"elementor-column elementor-col-50 elementor-top-column elementor-element elementor-element-b61cac8\" data-id=\"b61cac8\" data-element_type=\"column\">\n\t\t\t<div class=\"elementor-widget-wrap elementor-element-populated\">\n\t\t\t\t\t\t\t\t<div class=\"elementor-element elementor-element-25a8f18 elementor-widget elementor-widget-heading\" data-id=\"25a8f18\" data-element_type=\"widget\" data-widget_type=\"heading.default\">\n\t\t\t\t<div class=\"elementor-widget-container\">\n\t\t\t<h4 class=\"elementor-heading-title elementor-size-default\">Non-membres MAD<\/h4>\t\t<\/div>\n\t\t\t\t<\/div>\n\t\t\t\t<div class=\"elementor-element elementor-element-1895c7f elementor-widget elementor-widget-shortcode\" data-id=\"1895c7f\" data-element_type=\"widget\" data-widget_type=\"shortcode.default\">\n\t\t\t\t<div class=\"elementor-widget-container\">\n\t\t\t\t\t<div class=\"elementor-shortcode\"><div class=\"woocommerce \">\n<div class=\"grid-shop grid-merge clearfix grid-tiles\"><div class=\"tile col-xs-12 col-md-4 post-346046 product type-product status-publish has-post-thumbnail product_cat-madboat-non-membres product_tag-not-visible  instock downloadable virtual purchasable product-type-simple\">\r\n\r\n    <div class=\"tile-block clearfix\">\r\n    \r\n        <a href=\"https:\/\/www.mad-shop.ch\/?product=ticket-madboat-non-membres-samedi-11-juillet-2026\" class=\"woocommerce-LoopProduct-link woocommerce-loop-product__link\">        \r\n        <div class=\"product-image-container\">\r\n            <div class=\"product-image overlay\">\r\n                <a href=\"https:\/\/www.mad-shop.ch\/?product=ticket-madboat-non-membres-samedi-11-juillet-2026\" title=\"Ticket: MADBOAT (non-membres), Samedi 11 juillet 2026\">\r\n    \r\n                    <img width=\"400\" height=\"400\" src=\"https:\/\/www.mad-shop.ch\/wp-content\/uploads\/2026\/02\/banner-madboat-non-membres-2-400x400.jpg\" class=\"attachment-woocommerce_thumbnail size-woocommerce_thumbnail\" alt=\"\" loading=\"lazy\" srcset=\"https:\/\/www.mad-shop.ch\/wp-content\/uploads\/2026\/02\/banner-madboat-non-membres-2-400x400.jpg 400w, https:\/\/www.mad-shop.ch\/wp-content\/uploads\/2026\/02\/banner-madboat-non-membres-2-480x480.jpg 480w, https:\/\/www.mad-shop.ch\/wp-content\/uploads\/2026\/02\/banner-madboat-non-membres-2-750x750.jpg 750w, https:\/\/www.mad-shop.ch\/wp-content\/uploads\/2026\/02\/banner-madboat-non-membres-2-100x100.jpg 100w\" sizes=\"(max-width: 400px) 100vw, 400px\" \/>                    \r\n                    <span class=\"overlay-block\">\r\n                        <span class=\"overlay-icon\"><\/span>\r\n                    <\/span>\r\n                \r\n                <\/a>\r\n            <\/div>\r\n        <\/div>\r\n        \r\n        \r\n        <div class=\"product-body inner clearfix\">\r\n                                <h2><a class=\"underline\" href=\"https:\/\/www.mad-shop.ch\/?product=ticket-madboat-non-membres-samedi-11-juillet-2026\" title=\"Ticket: MADBOAT (non-membres), Samedi 11 juillet 2026\">Ticket: MADBOAT (non-membres), Samedi 11 juillet 2026<\/a><\/h2>\r\n                         \r\n            <div class=\"product-content clearfix\">\r\n            \r\n                \n\n\t<span class=\"price\"><span class=\"woocommerce-Price-amount amount\"><bdi><span class=\"woocommerce-Price-currencySymbol\">&#67;&#72;&#70;<\/span>89.00<\/bdi><\/span><\/span>\n                \r\n                <\/a>            \r\n            <\/div>\r\n    \r\n        <\/div>\r\n    \r\n    <\/div>\r\n\r\n<\/div>\n<\/div><\/div><\/div>\n\t\t\t\t<\/div>\n\t\t\t\t<\/div>\n\t\t\t\t\t<\/div>\n\t\t<\/div>\n\t\t\t\t\t\t\t<\/div>\n\t\t<\/section>\n\t\t\t\t<section class=\"elementor-section elementor-top-section elementor-element elementor-element-9516cb3 elementor-section-boxed elementor-section-height-default elementor-section-height-default\" data-id=\"9516cb3\" data-element_type=\"section\">\n\t\t\t\t\t\t<div class=\"elementor-container elementor-column-gap-default\">\n\t\t\t\t\t<div class=\"elementor-column elementor-col-100 elementor-top-column elementor-element elementor-element-c1c68d8\" data-id=\"c1c68d8\" data-element_type=\"column\">\n\t\t\t<div class=\"elementor-widget-wrap\">\n\t\t\t\t\t\t\t\t\t<\/div>\n\t\t<\/div>\n\t\t\t\t\t\t\t<\/div>\n\t\t<\/section>\n\t\t\t\t<section class=\"elementor-section elementor-top-section elementor-element elementor-element-24e12d7 elementor-section-boxed elementor-section-height-default elementor-section-height-default\" data-id=\"24e12d7\" data-element_type=\"section\">\n\t\t\t\t\t\t<div class=\"elementor-container elementor-column-gap-default\">\n\t\t\t\t\t<div class=\"elementor-column elementor-col-100 elementor-top-column elementor-element elementor-element-9fb4a9e\" data-id=\"9fb4a9e\" data-element_type=\"column\">\n\t\t\t<div class=\"elementor-widget-wrap elementor-element-populated\">\n\t\t\t\t\t\t\t\t<div class=\"elementor-element elementor-element-eb55866 elementor-widget elementor-widget-spacer\" data-id=\"eb55866\" data-element_type=\"widget\" data-widget_type=\"spacer.default\">\n\t\t\t\t<div class=\"elementor-widget-container\">\n\t\t\t\t\t<div class=\"elementor-spacer\">\n\t\t\t<div class=\"elementor-spacer-inner\"><\/div>\n\t\t<\/div>\n\t\t\t\t<\/div>\n\t\t\t\t<\/div>\n\t\t\t\t\t<\/div>\n\t\t<\/div>\n\t\t\t\t\t\t\t<\/div>\n\t\t<\/section>\n\t\t\t\t<section class=\"elementor-section elementor-top-section elementor-element elementor-element-8490600 elementor-section-boxed elementor-section-height-default elementor-section-height-default\" data-id=\"8490600\" data-element_type=\"section\">\n\t\t\t\t\t\t<div class=\"elementor-container elementor-column-gap-default\">\n\t\t\t\t\t<div class=\"elementor-column elementor-col-100 elementor-top-column elementor-element elementor-element-d40b6c9\" data-id=\"d40b6c9\" data-element_type=\"column\">\n\t\t\t<div class=\"elementor-widget-wrap elementor-element-populated\">\n\t\t\t\t\t\t\t\t<div class=\"elementor-element elementor-element-3c490ab elementor-widget elementor-widget-html\" data-id=\"3c490ab\" data-element_type=\"widget\" data-widget_type=\"html.default\">\n\t\t\t\t<div class=\"elementor-widget-container\">\n\t\t\t<style>\n    .title .clearfix {\n        display: none;\n    }\n    \nheader.title {\n\tdisplay: none !important;\n}\n\n.overlay-icon {\n    visibility: hidden;\n}\n\n.overlay-icon::after {\n    visibility: visible;\n    content: \"Buy tickets\";\n    font-family: DM Sans;\n    font-size: 24px;\n    font-weight: 800;\n    color: white;\n    position: absolute;\n    top: 42%;\n    left: 25%;\n}\n\n@media only screen and (min-width: 1025px) {\n\t.grid-tiles .tile {\n\t\twidth: 50% !important;\n\t}\n\n<\/style>\t\t<\/div>\n\t\t\t\t<\/div>\n\t\t\t\t\t<\/div>\n\t\t<\/div>\n\t\t\t\t\t\t\t<\/div>\n\t\t<\/section>\n\t\t\t\t\t\t<\/div>\n\t\t\t\t\t<\/div>\n\t\t","protected":false},"excerpt":{"rendered":"","protected":false},"author":1,"featured_media":0,"parent":0,"menu_order":0,"comment_status":"closed","ping_status":"closed","template":"","meta":{"_links_to":"","_links_to_target":""},"_links":{"self":[{"href":"https:\/\/www.mad-shop.ch\/index.php?rest_route=\/wp\/v2\/pages\/346050"}],"collection":[{"href":"https:\/\/www.mad-shop.ch\/index.php?rest_route=\/wp\/v2\/pages"}],"about":[{"href":"https:\/\/www.mad-shop.ch\/index.php?rest_route=\/wp\/v2\/types\/page"}],"author":[{"embeddable":true,"href":"https:\/\/www.mad-shop.ch\/index.php?rest_route=\/wp\/v2\/users\/1"}],"replies":[{"embeddable":true,"href":"https:\/\/www.mad-shop.ch\/index.php?rest_route=%2Fwp%2Fv2%2Fcomments&post=346050"}],"version-history":[{"count":13,"href":"https:\/\/www.mad-shop.ch\/index.php?rest_route=\/wp\/v2\/pages\/346050\/revisions"}],"predecessor-version":[{"id":350053,"href":"https:\/\/www.mad-shop.ch\/index.php?rest_route=\/wp\/v2\/pages\/346050\/revisions\/350053"}],"wp:attachment":[{"href":"https:\/\/www.mad-shop.ch\/index.php?rest_route=%2Fwp%2Fv2%2Fmedia&parent=346050"}],"curies":[{"name":"wp","href":"https:\/\/api.w.org\/{rel}","templated":true}]}}